 + 1. Calculate the greatest common divisor of h and s.
1
Let l be ((-4 - 0) + -15)/(-1). Suppose h - l = -2*h - a, -5*h + 30 = 2*a. What is the highest common divisor of 72 and h?
8
Suppose -3*c + 256 = -4*g, -4*c = -4*g - 0*g - 344. Let o(p) = p + 6. Let s be o(5). What is the highest common divisor of s and c?
11
Suppose -9*z = -17*z + 480. Let x(d) = -d**3 + 4*d**2 - 5*d + 5. Let n be x(4). Let a be (z - 0)/(n/(-10)). What is the greatest common divisor of 10 and a?
10
Let x be (-2 - (-690)/36)/(11/198). What is the greatest common divisor of x and 3?
3
Let j = 21 - 35. Let k(t) = -t**3 - 14*t**2 + 11. Let x be k(j). Calculate the greatest common factor of x and 11.
11
Suppose b + 7 = 2*b. Suppose b*w - 55 = 1. What is the greatest common factor of w and 56?
8
Let b = 2 + 40. Suppose -59*t - 2*t = 6*t - 4690. Calculate the highest common divisor of b and t.
14
Let j = -256 - -278. Calculate the highest common factor of 286 and j.
22
Let v = -657 + 147. Let u = v - -246. Let f = -110 - u. What is the highest common divisor of 22 and f?
22
Let u(q) = 8*q**2 - 7 + 5*q**2 + 2*q**2 - 16*q**2 - 7*q. Let f be u(-4). Calculate the greatest common factor of 5 and f.
5
Let w be (0 - 15)*(-4)/6. Let h = 355 - 265. What is the highest common factor of h and w?
10
Suppose -4*x - 32 = 6*w - 12*w, x = -3*w + 28. Suppose t - 2*t - 421 = -4*j, -5*t + 495 = 5*j. What is the greatest common divisor of j and w?
8
Suppose o - 5*m - 14 = 73, 156 = 2*o - 4*m. Suppose -5*h + 26 + 14 = 0. Calculate the greatest common divisor of h and o.
8
Suppose x = -148 - 650. Let r = x - -1254. Calculate the highest common factor of 57 and r.
57
Let h = 16 + -15. Let o be 12*(-1 + h/2). Let q be (o/(-5))/(8/20). Calculate the greatest common factor of q and 3.
3
Let d(b) = -b + 9. Let z be d(7). Let l be ((-4)/((-40)/1045))/(1/z). What is the highest common divisor of 19 and l?
19
Suppose -32*j + 666 = 6*u - 35*j, 4*u + 2*j = 452. Calculate the highest common divisor of 63 and u.
7
Let m = 245 - 205. What is the highest common divisor of 10 and m?
10
Suppose -4*i + 130 = -398. Suppose -78 = -12*j + 9*j. Suppose j = 2*r + d, -r + 5*d = -2*r + 22. Calculate the highest common divisor of r and i.
12
Let n be (0 + 16)/((-21)/(-5) - 4). What is the highest common factor of 10 and n?
10
Let l = -18 - -50. Let m = 1 + 5. Let p = 14 - m. Calculate the greatest common factor of p and l.
8
Let m be 6810/155 + 8/124. What is the greatest common factor of 528 and m?
44
Suppose -402 = -9*v + 435. Calculate the highest common factor of 527 and v.
31
Let o = 21 - 8. Let a be o/(1/(0 + 1)). Calculate the highest common divisor of a and 65.
13
Suppose 12 = -3*s - s, -3*u + 2*s = -2976. Calculate the greatest common factor of 45 and u.
45
Let q(p) = -5*p**2 - 13*p - 9. Let v(t) = 6*t**2 + 14*t + 9. Let f(k) = -5*q(k) - 4*v(k). Let r be f(9). Calculate the highest common divisor of r and 19.
19
Suppose 9 + 95 = 26*y. Let a = 13 + -5. What is the greatest common divisor of a and y?
4
Let n be 1524/21 - (-1)/(28/(-16)). Calculate the greatest common factor of 42 and n.
6
Let i(q) = -q**3 - 9*q**2 + 24*q + 22. Let v be i(-11). Suppose 7*l + 92 - 442 = v. Calculate the greatest common divisor of 10 and l.
10
Let o = -24 + 24. Let d(q) = -4*q + 45. Let h be d(o). Calculate the highest common factor of 30 and h.
15
Let f(u) = -56*u**3 + 6*u + 9. Let c be f(-2). Let o = -197 + c. What is the highest common factor of o and 31?
31
Let d be ((-70)/(-30))/((-1)/3). Let x(v) = -v**3 - 6*v**2 - 5*v - 9. Let k be x(d). Calculate the greatest common factor of k and 15.
15
Let v = 13 - 24. Let w = -11 - v. Suppose 4*y + w*y - 8 = 0. What is the highest common divisor of y and 3?
1
Let x = 8 - 8. Suppose -4*z + 0*z + 16 = x. Let g = -1 + z. What is the greatest common factor of 1 and g?
1
Let s(g) = 2*g**3 + 2*g**2 + 1. Let i be s(-2). Let z be (273/(-6))/i*2. Let a(v) = 16*v + 1. Let d be a(4). Calculate the greatest common divisor of d and z.
13
Suppose 0 = -342*a + 348*a - 96. Calculate the highest common factor of 304 and a.
16
Let m = 263 + -222. What is the highest common divisor of 41 and m?
41
Let d(y) = y**2 + 8*y + 24. Let b be d(-6). Calculate the highest common factor of b and 33.
3
Let c be 10/((-4)/(-2) + 0). Let y be (-2)/5 - (-127)/c. Let a be ((-2450)/196)/(1/(-2)). Calculate the greatest common factor of y and a.
25
Let k = 88 + 207. Let m = k - 190. Let s be 46/3 + (-2)/6. What is the highest common factor of s and m?
15
Let t(v) = 7*v**3 + 3*v**2 + v + 1. Let h be t(-2). Let z = h - -59. Calculate the highest common factor of 98 and z.
14
Let a(c) = -16*c - 140. Let z be a(-10). Let h = 115 + -65. Calculate the greatest common factor of h and z.
10
Let v(d) = -d**2 + 32*d - 57. Let o be v(13). What is the highest common divisor of o and 35?
5
Let o(x) = -x + 2. Let z be o(5). Let m be z*(-1)/(-4)*-324. Suppose 28*c = -127 + 883. What is the greatest common divisor of m and c?
27
Suppose -6*h - 335 = -7*h + 5*l, -3*l = 4*h - 1248. What is the greatest common factor of 15 and h?
15
Suppose 29*l - 1176 = l. Let d(y) = 5*y - 2. Let u be d(6). Calculate the greatest common factor of u and l.
14
Suppose i - 3 = 4*h + 4*i, 4*h + 4*i + 8 = 0. Suppose h*l + 28 = 4*l. What is the highest common factor of l and 7?
7
Let x(m) = 74*m - 2 - 2 + 8. Let r be x(-3). Let p be r/(-9) + 6/(-27). Calculate the greatest common factor of 8 and p.
8
Let r = 12 + -7. Let b(i) = 2*i**2 + 2*i - 1. Let l be b(-2). Suppose -l*z = -4*z + w + 32, -w = r*z - 184. What is the highest common factor of z and 4?
4
Suppose -3*a + 6*x - 5*x + 33 = 0, 5*a = 2*x + 54. Calculate the greatest common divisor of a and 44.
4
Suppose 0*i - 5*i = -10. Suppose 5*c = i*c + 27. Let k be 6/(-4)*(-12)/c. Calculate the highest common divisor of 2 and k.
2
Let k = -95 - -199. What is the greatest common factor of k and 26?
26
Let h be (-12)/(-16) + 363/12. Suppose 5*w - 9 - h = u, -3*w - u = -32. Suppose -f + w + 2 = 0. Calculate the greatest common factor of 22 and f.
11
Let k(a) = a**2 + 2*a + 7. Let z be k(-5). Let c = z - 14. What is the highest common factor of 16 and c?
8
Let v(i) = -i**3 - 7*i**2 - 6*i. Let a be v(-6). Suppose 4*p + k - 435 = a, -4*p + 0*p = 5*k - 447. What is the highest common factor of p and 72?
36
Let x(s) = s**3 - 6*s**2 - 3*s - 16. Let q(t) = -3*t - 31. Let v be q(-13). Let p be x(v). What is the highest common divisor of p and 11?
11
Suppose 2*b - 9*q + 13*q - 374 = 0, b = q + 187. Calculate the greatest common divisor of b and 11.
11
Suppose -5*d = -393 - 122. Let s = d + -70. What is the highest common factor of 33 and s?
33
Let j be ((-3)/(-2))/(12/(-72)). Let d be 0 - -2*j/(-6). Calculate the greatest common factor of 24 and d.
3
Suppose 3*j + 6 = 0, 2*s - 33 - 29 = 3*j. Let b be (284/s - 5)/((-2)/(-14)). What is the greatest common factor of 4 and b?
4
Suppose 3*v - 8 = v. Suppose 2*o - 35 = -o + 4*c, -2*o + v*c = -30. Let z be -3 - 5/(15/(-69)). Calculate the highest common factor of z and o.
5
Let y = -191 + 247. Let d(k) = -k**2 + 6*k + 5. Let m be d(6). Suppose 3*t - o + 2*o = 417, 3*t - 405 = -m*o. What is the greatest common divisor of t and y?
28
Let f(w) = -16 - 6*w - 12 - w + 10. Let m be f(-6). What is the greatest common factor of 6 and m?
6
Let z = 35 - 24. Suppose 4*u - 2*m - 82 - 142 = 0, 2*u - 3*m - 116 = 0. Calculate the greatest common divisor of z and u.
11
Let j be 0/(-4*(-2)/(-4)). Let c be (-4 - -7) + j + 0. Let x = 28 - c. Calculate the greatest common factor of 25 and x.
25
Let b(h) = 5*h**2. Let f be b(1). Suppose l + 2*p = 47, -f*l - 3*p = -3*l - 95. Calculate the highest common factor of l and 7.
7
Suppose 0 = 12*k + 121 - 193. Suppose 3*o + 26 - 119 = 0. Suppose -4*c + 17 = -o. Calculate the highest common divisor of k and c.
6
Let b be (-124)/(-10) - (-4)/(-10). Let w be 2 + 0 - b/(-3). Let v = -42 + 51. What is the highest common factor of v and w?
3
Let k(z) = -z**3 + 8*z**2 - 7*z + 3. Let b be k(7). Suppose -b*o = -5*o + 6. Calculate the greatest common factor of 3 and o.
3
Let i(s) = -2*s**2 - 2*s - 1. Let r be i(-2). Let c be r/(-4)*(-8)/(-1). Calculate the greatest common factor of c and 4.
2
Let z(b) = 10*b**2 + b. Let s be z(2). Suppose -38 + 22 = -4*h. Suppose -h*f = -